{"id":255,"date":"2022-01-07T22:05:14","date_gmt":"2022-01-07T22:05:14","guid":{"rendered":"https:\/\/aladren.info\/aladren\/?page_id=255"},"modified":"2022-01-23T15:56:21","modified_gmt":"2022-01-23T15:56:21","slug":"listado-de-bienes","status":"publish","type":"page","link":"https:\/\/aladren.info\/aladren\/listado-de-bienes\/","title":{"rendered":"Listado de bienes catalogados en Aladr\u00e9n"},"content":{"rendered":"\n<p>Informaci\u00f3n de inter\u00e9s<\/p>\n\n\n\n<p>Art. 73. Listado de bienes catalogados.<\/p>\n\n\n\n<ol><li>Iglesia parroquial de Santiago Ap\u00f3stol.<\/li><li>Ermita de Nuestra Se\u00f1ora de las Nieves.<\/li><li>Ermita de San Clemente.<\/li><li>Horno de pan.<\/li><li>Fuente y Lavadero de Aladr\u00e9n.<\/li><li>Peir\u00f3n de San Roque.<\/li><li>Peir\u00f3n de \u201cLas Almicas\u201d.<\/li><li>Peir\u00f3n de San Blas y San Clemente.<\/li><li>Palomar \u201cdel T\u00edo Bolero\u201d.<\/li><li><s>Palomar \u201cdel Parcaticante\u201d.<\/s><\/li><li>Cementerio de Aladr\u00e9n.<\/li><li>La Mina (de yeso) y las caleras (La Boquera, camino del Cementerio).<\/li><li>Escudos de las Casa Consitorial.<\/li><li>Restos del Castillo.<\/li><\/ol>\n\n\n\n<p>El Palomar &#8220;del Practicante&#8221; ya no existe, aunque de la forma que esta el resto, todo caer\u00e1. La iglesia tiene una raja bastante pronunciada en su pared lateral derecha, la vidriera de la ventana de este lado se ha roto hace bien poco &#8230; \u00bfQu\u00e9 ser\u00e1 lo siguiente?<\/p>\n\n\n\n<p>Texto parcial extra\u00eddo del BOA de Arag\u00f3n del 10 marzo 2017 BOP Zaragoza<\/p>\n\n\n\n<figure class=\"wp-block-image size-full is-resized\"><a href=\"https:\/\/idearagon.aragon.es\/archivoSIUa\/index.jsp?CMUNIINE=50007&amp;CARPETA=undefined\" target=\"_blank\" rel=\"noopener\"><img loading=\"lazy\" decoding=\"async\" src=\"https:\/\/aladren.info\/aladren\/wp-content\/uploads\/2022\/01\/bannerSIUblanco.jpg\" alt=\"\" class=\"wp-image-266\" width=\"580\" height=\"62\" srcset=\"https:\/\/aladren.info\/aladren\/wp-content\/uploads\/2022\/01\/bannerSIUblanco.jpg 571w, https:\/\/aladren.info\/aladren\/wp-content\/uploads\/2022\/01\/bannerSIUblanco-300x32.jpg 300w\" sizes=\"(max-width: 580px) 100vw, 580px\" \/><\/a><\/figure>\n\n\n\n<p><a href=\"https:\/\/idearagon.aragon.es\/archivoSIUa\/index.jsp?CODEXP=CPU-50\/2014\/205&amp;FASE=0&amp;TITULO=DELIMITACION%20DE%20SUELO\">DELIMITACI\u00d3N DE SUELO<\/a> 19\/01\/2017 Aprobada definitivamente<\/p>\n\n\n\n<figure id=\"DSUTable\" class=\"wp-block-table\"><table><tbody><tr><td>19\/01\/2017<\/td><td>Resoluci\u00f3n aprobada definitivamente <a rel=\"noreferrer noopener\" href=\"https:\/\/idearagon.aragon.es\/archivoSIUa\/ConsultaDocumento?CODEXP=CPU-50\/2014\/205&amp;FECHA=19\/01\/2017\" target=\"_blank\"><img decoding=\"async\" src=\"https:\/\/idearagon.aragon.es\/archivoSIUa\/images\/pdf.png\"><\/a><a rel=\"noreferrer noopener\" href=\"https:\/\/idearagon.aragon.es\/archivoSIUa\/ConsultaDocumento?CODEXP=CPU-50\/2014\/205&amp;FECHA=19\/01\/2017\" target=\"_blank\"><\/a><\/td><td>10\/03\/2017 <a href=\"http:\/\/www.boa.aragon.es\/cgi-bin\/EBOA\/BRSCGI?CMD=VEROBJ&amp;MLKOB=951548844040\" target=\"_blank\" rel=\"noreferrer noopener\"><img decoding=\"async\" src=\"https:\/\/idearagon.aragon.es\/archivoSIUa\/images\/ico_link.png\"><\/a><a href=\"http:\/\/www.boa.aragon.es\/cgi-bin\/EBOA\/BRSCGI?CMD=VEROBJ&amp;MLKOB=951548844040\"><\/a><\/td><td>10\/03\/2017 <a href=\"http:\/\/www.boa.aragon.es\/cgi-bin\/EBOA\/BRSCGI?CMD=VEROBJ&amp;MLKOB=951548844040\" target=\"_blank\" rel=\"noreferrer noopener\"><img decoding=\"async\" src=\"https:\/\/idearagon.aragon.es\/archivoSIUa\/images\/ico_link.png\"><\/a><a href=\"http:\/\/www.boa.aragon.es\/cgi-bin\/EBOA\/BRSCGI?CMD=VEROBJ&amp;MLKOB=951548844040\"><\/a><\/td><\/tr><\/tbody><\/table><\/figure>\n\n\n\n<figure class=\"wp-block-table\"><table><tbody><tr><td><strong>MUNICIPIO ALADREN<\/strong><\/td><\/tr><tr><td>Poblaci\u00f3n: 52 Hab.<\/td><\/tr><tr><td>Superficie: 21 Km\u00b2<\/td><\/tr><tr><td>Comarca: Campo de Cari\u00f1ena<\/td><\/tr><tr><td>N\u00facleos y entidades: ALADREN<\/td><\/tr><tr><td>Web municipal:&nbsp;<a href=\"https:\/\/www.aladren.es\/\" target=\"_blank\" rel=\"noreferrer noopener\">https:\/\/www.aladren.es<\/a><\/td><\/tr><\/tbody><\/table><\/figure>\n\n\n\n<p><\/p>\n","protected":false},"excerpt":{"rendered":"<p>Informaci\u00f3n de inter\u00e9s Art. 73. Listado de bienes catalogados. Iglesia parroquial de Santiago Ap\u00f3stol. Ermita de Nuestra Se\u00f1ora de las Nieves. Ermita de San Clemente. Horno de pan. Fuente y Lavadero de Aladr\u00e9n. Peir\u00f3n de San Roque. Peir\u00f3n de \u201cLas Almicas\u201d. Peir\u00f3n de San Blas y San Clemente. Palomar \u201cdel T\u00edo Bolero\u201d. Palomar \u201cdel Parcaticante\u201d. [&hellip;]<\/p>\n","protected":false},"author":1,"featured_media":265,"parent":0,"menu_order":0,"comment_status":"open","ping_status":"closed","template":"","meta":{"_seopress_robots_primary_cat":"","ngg_post_thumbnail":0,"footnotes":"","_expiration-date-status":"","_expiration-date":0,"_expiration-date-type":"","_expiration-date-categories":[],"_expiration-date-options":[]},"_links":{"self":[{"href":"https:\/\/aladren.info\/aladren\/wp-json\/wp\/v2\/pages\/255"}],"collection":[{"href":"https:\/\/aladren.info\/aladren\/wp-json\/wp\/v2\/pages"}],"about":[{"href":"https:\/\/aladren.info\/aladren\/wp-json\/wp\/v2\/types\/page"}],"author":[{"embeddable":true,"href":"https:\/\/aladren.info\/aladren\/wp-json\/wp\/v2\/users\/1"}],"replies":[{"embeddable":true,"href":"https:\/\/aladren.info\/aladren\/wp-json\/wp\/v2\/comments?post=255"}],"version-history":[{"count":6,"href":"https:\/\/aladren.info\/aladren\/wp-json\/wp\/v2\/pages\/255\/revisions"}],"predecessor-version":[{"id":349,"href":"https:\/\/aladren.info\/aladren\/wp-json\/wp\/v2\/pages\/255\/revisions\/349"}],"wp:featuredmedia":[{"embeddable":true,"href":"https:\/\/aladren.info\/aladren\/wp-json\/wp\/v2\/media\/265"}],"wp:attachment":[{"href":"https:\/\/aladren.info\/aladren\/wp-json\/wp\/v2\/media?parent=255"}],"curies":[{"name":"wp","href":"https:\/\/api.w.org\/{rel}","templated":true}]}}